{"id":29,"date":"2018-08-05T19:49:05","date_gmt":"2018-08-05T19:49:05","guid":{"rendered":"https:\/\/blog.existasia.com\/?page_id=29"},"modified":"2018-08-07T00:42:54","modified_gmt":"2018-08-07T04:42:54","slug":"about","status":"publish","type":"page","link":"https:\/\/blog.existasia.com\/?page_id=29","title":{"rendered":"Les biais cognitifs"},"content":{"rendered":"<p>BIAIS COGNITIF:<\/p>\n<figure id=\"attachment_57\" aria-describedby=\"caption-attachment-57\" style=\"width: 300px\" class=\"wp-caption alignright\"><a href=\"https:\/\/fr.wikipedia.org\/wiki\/Biais_cognitif\" target=\"_blank\" rel=\"noopener\"><img loading=\"lazy\" decoding=\"async\" class=\"wp-image-57 size-medium\" src=\"https:\/\/blog.existasia.com\/wp-content\/uploads\/2018\/08\/biais-cognitifs-300x169.jpg\" alt=\"Les biais cognitifs\" width=\"300\" height=\"169\" srcset=\"https:\/\/blog.existasia.com\/wp-content\/uploads\/2018\/08\/biais-cognitifs-300x169.jpg 300w, https:\/\/blog.existasia.com\/wp-content\/uploads\/2018\/08\/biais-cognitifs-768x432.jpg 768w, https:\/\/blog.existasia.com\/wp-content\/uploads\/2018\/08\/biais-cognitifs-1024x576.jpg 1024w, https:\/\/blog.existasia.com\/wp-content\/uploads\/2018\/08\/biais-cognitifs.jpg 1920w\" sizes=\"auto, (max-width: 300px) 100vw, 300px\" \/><\/a><figcaption id=\"caption-attachment-57\" class=\"wp-caption-text\">Les biais cognitifs<\/figcaption><\/figure>\n<p>Un <b>biais cognitif<\/b> est un m\u00e9canisme de la pens\u00e9e, qui cause une d\u00e9viation du jugement. Le terme <i>biais<\/i> fait r\u00e9f\u00e9rence \u00e0 une d\u00e9viation syst\u00e9matique de la pens\u00e9e logique et rationnelle par rapport \u00e0 la r\u00e9alit\u00e9. Les biais cognitifs conduisent le sujet \u00e0 accorder des importances diff\u00e9rentes \u00e0 des faits de m\u00eame nature et peuvent \u00eatre rep\u00e9r\u00e9s lorsque des <a title=\"Paradoxe\" href=\"https:\/\/fr.wikipedia.org\/wiki\/Paradoxe\" target=\"_blank\" rel=\"noopener\">paradoxes<\/a> apparaissent dans un raisonnement.<\/p>\n<p>L&rsquo;\u00e9tude des biais cognitifs fait l&rsquo;objet de nombreux travaux en <a title=\"Psychologie cognitive\" href=\"https:\/\/fr.wikipedia.org\/wiki\/Psychologie_cognitive\" target=\"_blank\" rel=\"noopener\">psychologie cognitive<\/a>, en <a title=\"Psychologie sociale\" href=\"https:\/\/fr.wikipedia.org\/wiki\/Psychologie_sociale\" target=\"_blank\" rel=\"noopener\">psychologie sociale<\/a> et plus g\u00e9n\u00e9ralement dans les <a title=\"Sciences cognitives\" href=\"https:\/\/fr.wikipedia.org\/wiki\/Sciences_cognitives\" target=\"_blank\" rel=\"noopener\">sciences cognitives<\/a>.<\/p>\n<p>Ces travaux ont identifi\u00e9 de nombreux biais cognitifs propres \u00e0 l&rsquo;esprit <a title=\"Homo sapiens\" href=\"https:\/\/fr.wikipedia.org\/wiki\/Homo_sapiens\" target=\"_blank\" rel=\"noopener\">humain<\/a><sup id=\"cite_ref-K2012_1-0\" class=\"reference\"><a href=\"https:\/\/fr.wikipedia.org\/wiki\/Biais_cognitif#cite_note-K2012-1\">1<\/a><\/sup> \u00e0 travers de multiples domaines\u00a0: <a title=\"Perception\" href=\"https:\/\/fr.wikipedia.org\/wiki\/Perception\" target=\"_blank\" rel=\"noopener\">perception<\/a>, <a title=\"Statistique\" href=\"https:\/\/fr.wikipedia.org\/wiki\/Statistique\" target=\"_blank\" rel=\"noopener\">statistiques<\/a>, <a title=\"Logique\" href=\"https:\/\/fr.wikipedia.org\/wiki\/Logique\" target=\"_blank\" rel=\"noopener\">logique<\/a>, <a title=\"Causalit\u00e9 (physique)\" href=\"https:\/\/fr.wikipedia.org\/wiki\/Causalit%C3%A9_(physique)\" target=\"_blank\" rel=\"noopener\">causalit\u00e9<\/a>, <a title=\"Cognition sociale\" href=\"https:\/\/fr.wikipedia.org\/wiki\/Cognition_sociale\" target=\"_blank\" rel=\"noopener\">relations sociales<\/a>, etc. Du point de vue de leurs domaines, on peut distinguer entre autres des erreurs de perception, d&rsquo;\u00e9valuation, d&rsquo;interpr\u00e9tation logique. Ces biais cognitifs ne sont g\u00e9n\u00e9ralement pas conscients. Leur caract\u00e9risation est importante aussi bien dans les domaines <a class=\"mw-redirect\" title=\"Judiciaire\" href=\"https:\/\/fr.wikipedia.org\/wiki\/Judiciaire\" target=\"_blank\" rel=\"noopener\">judiciaire<\/a> que <a title=\"Science\" href=\"https:\/\/fr.wikipedia.org\/wiki\/Science\" target=\"_blank\" rel=\"noopener\">scientifique<\/a> puisqu&rsquo;ils sont n\u00e9fastes dans un processus logique. La <a title=\"Publicit\u00e9\" href=\"https:\/\/fr.wikipedia.org\/wiki\/Publicit%C3%A9\" target=\"_blank\" rel=\"noopener\">publicit\u00e9<\/a> exploite souvent des biais cognitifs pour faire passer ses messages (<a class=\"mw-redirect\" title=\"Raisonnement fallacieux\" href=\"https:\/\/fr.wikipedia.org\/wiki\/Raisonnement_fallacieux\" target=\"_blank\" rel=\"noopener\">raisonnement fallacieux<\/a>, <a title=\"Oubli de la fr\u00e9quence de base\" href=\"https:\/\/fr.wikipedia.org\/wiki\/Oubli_de_la_fr%C3%A9quence_de_base\" target=\"_blank\" rel=\"noopener\">oubli de la fr\u00e9quence de base<\/a>).<\/p>\n<p>Lire la suite de \u00ab\u00a0Biais cognitif\u00a0\u00bb sur Wikip\u00e9dia :<\/p>\n<p>&nbsp;<\/p>\n<p><a href=\"https:\/\/fr.wikipedia.org\/wiki\/Biais_cognitif\" target=\"_blank\" rel=\"noopener\"><img loading=\"lazy\" decoding=\"async\" class=\"alignleft wp-image-84 size-full\" title=\"Biais-cognitifs (wikip\u00e9dias)\" src=\"https:\/\/blog.existasia.com\/wp-content\/uploads\/2018\/08\/wikipedia-logo.png\" alt=\"Biais-cognitifs (wikip\u00e9dias)\" width=\"170\" height=\"200\" \/><\/a><\/p>\n<p><strong>Biais-cognitif &#8211; wikip\u00e9dia<\/strong><br \/>\n<a href=\"https:\/\/fr.wikipedia.org\/wiki\/Biais_cognitif\" target=\"_blank\" rel=\"noopener\">https:\/\/fr.wikipedia.org\/wiki\/Biais_cognitif<\/a><\/p>\n","protected":false},"excerpt":{"rendered":"<p>BIAIS COGNITIF: Un biais cognitif est un m\u00e9canisme de la pens\u00e9e, qui cause une d\u00e9viation du jugement. Le terme biais fait r\u00e9f\u00e9rence \u00e0 une d\u00e9viation syst\u00e9matique de la pens\u00e9e logique et rationnelle par rapport \u00e0 la r\u00e9alit\u00e9. Les biais cognitifs conduisent le sujet \u00e0 accorder des importances diff\u00e9rentes \u00e0 des faits de m\u00eame nature et &hellip; <\/p>\n<p class=\"link-more\"><a href=\"https:\/\/blog.existasia.com\/?page_id=29\" class=\"more-link\">Continuer la lecture<span class=\"screen-reader-text\"> de &laquo;&nbsp;Les biais cognitifs&nbsp;&raquo;<\/span><\/a><\/p>\n","protected":false},"author":1,"featured_media":57,"parent":0,"menu_order":0,"comment_status":"closed","ping_status":"closed","template":"","meta":{"footnotes":""},"class_list":["post-29","page","type-page","status-publish","has-post-thumbnail","hentry"],"_links":{"self":[{"href":"https:\/\/blog.existasia.com\/index.php?rest_route=\/wp\/v2\/pages\/29","targetHints":{"allow":["GET"]}}],"collection":[{"href":"https:\/\/blog.existasia.com\/index.php?rest_route=\/wp\/v2\/pages"}],"about":[{"href":"https:\/\/blog.existasia.com\/index.php?rest_route=\/wp\/v2\/types\/page"}],"author":[{"embeddable":true,"href":"https:\/\/blog.existasia.com\/index.php?rest_route=\/wp\/v2\/users\/1"}],"replies":[{"embeddable":true,"href":"https:\/\/blog.existasia.com\/index.php?rest_route=%2Fwp%2Fv2%2Fcomments&post=29"}],"version-history":[{"count":8,"href":"https:\/\/blog.existasia.com\/index.php?rest_route=\/wp\/v2\/pages\/29\/revisions"}],"predecessor-version":[{"id":88,"href":"https:\/\/blog.existasia.com\/index.php?rest_route=\/wp\/v2\/pages\/29\/revisions\/88"}],"wp:featuredmedia":[{"embeddable":true,"href":"https:\/\/blog.existasia.com\/index.php?rest_route=\/wp\/v2\/media\/57"}],"wp:attachment":[{"href":"https:\/\/blog.existasia.com\/index.php?rest_route=%2Fwp%2Fv2%2Fmedia&parent=29"}],"curies":[{"name":"wp","href":"https:\/\/api.w.org\/{rel}","templated":true}]}}